{"id":1239,"date":"2023-11-30T14:22:55","date_gmt":"2023-11-30T13:22:55","guid":{"rendered":"http:\/\/www.cs3-kasse.de\/cs3-retail\/?page_id=1239"},"modified":"2023-12-02T10:02:50","modified_gmt":"2023-12-02T09:02:50","slug":"mettler-toledo_vco-display","status":"publish","type":"page","link":"http:\/\/www.cs3-kasse.de\/cs3-retail\/mettler-toledo_vco-display\/","title":{"rendered":"Produkt Mettler Toledo VCO Display"},"content":{"rendered":"\t\t<div data-elementor-type=\"wp-page\" data-elementor-id=\"1239\" class=\"elementor elementor-1239\">\n\t\t\t\t<div class=\"elementor-element elementor-element-ef20d35 e-flex e-con-boxed e-con e-parent\" data-id=\"ef20d35\" data-element_type=\"container\" data-settings=\"{&quot;background_background&quot;:&quot;classic&quot;}\">\n\t\t\t\t\t<div class=\"e-con-inner\">\n\t\t<div class=\"elementor-element elementor-element-fd46b0d e-con-full e-flex e-con e-child\" data-id=\"fd46b0d\" data-element_type=\"container\" data-settings=\"{&quot;background_background&quot;:&quot;classic&quot;}\">\n\t\t\t\t<div class=\"elementor-element elementor-element-6a3f3bcb elementor-widget elementor-widget-heading\" data-id=\"6a3f3bcb\" data-element_type=\"widget\" data-widget_type=\"heading.default\">\n\t\t\t\t<div class=\"elementor-widget-container\">\n\t\t\t\t\t<h2 class=\"elementor-heading-title elementor-size-default\">CS-3<br>Kassensystem<br>\nmit METTLER TOLEDO Waage VCO-Display<\/h2>\t\t\t\t<\/div>\n\t\t\t\t<\/div>\n\t\t\t\t<\/div>\n\t\t\t\t\t<\/div>\n\t\t\t\t<\/div>\n\t\t<div class=\"elementor-element elementor-element-4410b4e8 e-flex e-con-boxed e-con e-parent\" data-id=\"4410b4e8\" data-element_type=\"container\" data-settings=\"{&quot;background_background&quot;:&quot;classic&quot;}\">\n\t\t\t\t\t<div class=\"e-con-inner\">\n\t\t<div class=\"elementor-element elementor-element-7e955ce8 e-con-full e-flex e-con e-child\" data-id=\"7e955ce8\" data-element_type=\"container\" data-settings=\"{&quot;background_background&quot;:&quot;classic&quot;}\">\n\t\t\t\t<div class=\"elementor-element elementor-element-687d399f elementor-widget elementor-widget-image\" data-id=\"687d399f\" data-element_type=\"widget\" data-widget_type=\"image.default\">\n\t\t\t\t<div class=\"elementor-widget-container\">\n\t\t\t\t\t\t\t\t\t\t\t\t\t\t\t<img decoding=\"async\" src=\"http:\/\/www.cs3-kasse.de\/cs3-retail\/wp-content\/uploads\/2023\/11\/produkte_vco_header01.png\" title=\"\" alt=\"\" loading=\"lazy\" \/>\t\t\t\t\t\t\t\t\t\t\t\t\t\t\t<\/div>\n\t\t\t\t<\/div>\n\t\t\t\t<\/div>\n\t\t\t\t\t<\/div>\n\t\t\t\t<\/div>\n\t\t<div class=\"elementor-element elementor-element-1a07dc72 e-flex e-con-boxed e-con e-parent\" data-id=\"1a07dc72\" data-element_type=\"container\" data-settings=\"{&quot;background_background&quot;:&quot;classic&quot;}\">\n\t\t\t\t\t<div class=\"e-con-inner\">\n\t\t<div class=\"elementor-element elementor-element-2d65e2df e-con-full e-flex e-con e-child\" data-id=\"2d65e2df\" data-element_type=\"container\" data-settings=\"{&quot;background_background&quot;:&quot;classic&quot;}\">\n\t\t\t\t<div class=\"elementor-element elementor-element-3a3fcb75 elementor-widget elementor-widget-text-editor\" data-id=\"3a3fcb75\" data-element_type=\"widget\" data-widget_type=\"text-editor.default\">\n\t\t\t\t<div class=\"elementor-widget-container\">\n\t\t\t\t\t\t\t\t\t<p>Mit \u00fcberragender Geschwindigkeit wiegt die integrierte CheckOut-Waage Waren bis 15kg und \u00fcbergibt das Gewicht und den Gesamtpreis automatisch an das CS-3 Kassensystem.<\/p><p>Das Ergebnis:<br \/>Verz\u00f6gerungsfreies Wiegen von Obst, Gem\u00fcse und\u00a0 anderen Wiegeartikeln direkt in der Kassenzone.<\/p><p>Das Softwaremodul VCODisp (Virtuelles Checkout Display) ist ideal f\u00fcr Kassenpl\u00e4tze, wo Platz knapp und kostbar ist.<br \/>Das VCODisplay zeigt die Kassen- und W\u00e4ge-Informationen auf dem Kundenmonitor an &#8211; eine separate W\u00e4geanzeige ist nicht mehr erforderlich!<br \/>Das VCODisplay bietet Platzgewinn und mehr \u00dcbersichtlichkeit. Perfekt f\u00fcr ein entspanntes Einkaufserlebnis.<\/p>\t\t\t\t\t\t\t\t<\/div>\n\t\t\t\t<\/div>\n\t\t\t\t<\/div>\n\t\t\t\t\t<\/div>\n\t\t\t\t<\/div>\n\t\t<div class=\"elementor-element elementor-element-412ab3da e-flex e-con-boxed e-con e-parent\" data-id=\"412ab3da\" data-element_type=\"container\" data-settings=\"{&quot;background_background&quot;:&quot;classic&quot;}\">\n\t\t\t\t\t<div class=\"e-con-inner\">\n\t\t<div class=\"elementor-element elementor-element-5991a461 e-con-full e-flex e-con e-child\" data-id=\"5991a461\" data-element_type=\"container\" data-settings=\"{&quot;background_background&quot;:&quot;classic&quot;}\">\n\t\t\t\t<div class=\"elementor-element elementor-element-43472208 elementor-widget elementor-widget-text-editor\" data-id=\"43472208\" data-element_type=\"widget\" data-widget_type=\"text-editor.default\">\n\t\t\t\t<div class=\"elementor-widget-container\">\n\t\t\t\t\t\t\t\t\t<p>x<\/p>\t\t\t\t\t\t\t\t<\/div>\n\t\t\t\t<\/div>\n\t\t\t\t<\/div>\n\t\t<div class=\"elementor-element elementor-element-7b686bdc e-con-full e-flex e-con e-child\" data-id=\"7b686bdc\" data-element_type=\"container\" data-settings=\"{&quot;background_background&quot;:&quot;classic&quot;}\">\n\t\t\t\t<div class=\"elementor-element elementor-element-19d50263 elementor-widget elementor-widget-text-editor\" data-id=\"19d50263\" data-element_type=\"widget\" data-widget_type=\"text-editor.default\">\n\t\t\t\t<div class=\"elementor-widget-container\">\n\t\t\t\t\t\t\t\t\t<ul><li>x<\/li><\/ul>\t\t\t\t\t\t\t\t<\/div>\n\t\t\t\t<\/div>\n\t\t\t\t<\/div>\n\t\t\t\t\t<\/div>\n\t\t\t\t<\/div>\n\t\t<div class=\"elementor-element elementor-element-4ec80b e-flex e-con-boxed e-con e-parent\" data-id=\"4ec80b\" data-element_type=\"container\" data-settings=\"{&quot;background_background&quot;:&quot;classic&quot;}\">\n\t\t\t\t\t<div class=\"e-con-inner\">\n\t\t<div class=\"elementor-element elementor-element-22a2ffc e-con-full e-flex e-con e-child\" data-id=\"22a2ffc\" data-element_type=\"container\" data-settings=\"{&quot;background_background&quot;:&quot;classic&quot;}\">\n\t\t\t\t<div class=\"elementor-element elementor-element-19471cd0 elementor-widget elementor-widget-heading\" data-id=\"19471cd0\" data-element_type=\"widget\" data-widget_type=\"heading.default\">\n\t\t\t\t<div class=\"elementor-widget-container\">\n\t\t\t\t\t<h2 class=\"elementor-heading-title elementor-size-default\">Gallerie<\/h2>\t\t\t\t<\/div>\n\t\t\t\t<\/div>\n\t\t\t\t<div class=\"elementor-element elementor-element-589b5427 gallery-spacing-custom elementor-widget elementor-widget-image-gallery\" data-id=\"589b5427\" data-element_type=\"widget\" data-widget_type=\"image-gallery.default\">\n\t\t\t\t<div class=\"elementor-widget-container\">\n\t\t\t\t\t\t\t<div class=\"elementor-image-gallery\">\n\t\t\t<div id='gallery-1' class='gallery galleryid-1239 gallery-columns-6 gallery-size-thumbnail'><figure class='gallery-item'>\n\t\t\t<div class='gallery-icon landscape'>\n\t\t\t\t<a data-elementor-open-lightbox=\"yes\" data-elementor-lightbox-slideshow=\"589b5427\" data-e-action-hash=\"#elementor-action%3Aaction%3Dlightbox%26settings%3DeyJpZCI6MTAsInVybCI6Imh0dHA6XC9cL3d3dy5jczMta2Fzc2UuZGVcL2NzMy1yZXRhaWxcL3dwLWNvbnRlbnRcL3VwbG9hZHNcL3NpdGVzXC80XC8yMDIzXC8xMVwvc3BhY2Vwb2xlX3RvdWNoX2JnLnBuZyIsInNsaWRlc2hvdyI6IjU4OWI1NDI3In0%3D\" href='http:\/\/www.cs3-kasse.de\/cs3-retail\/wp-content\/uploads\/sites\/4\/2023\/11\/spacepole_touch_bg.png'><img decoding=\"async\" width=\"150\" height=\"150\" src=\"http:\/\/www.cs3-kasse.de\/cs3-retail\/wp-content\/uploads\/sites\/4\/2023\/11\/spacepole_touch_bg-150x150.png\" class=\"attachment-thumbnail size-thumbnail\" alt=\"\" \/><\/a>\n\t\t\t<\/div><\/figure><figure class='gallery-item'>\n\t\t\t<div class='gallery-icon landscape'>\n\t\t\t\t<a data-elementor-open-lightbox=\"yes\" data-elementor-lightbox-slideshow=\"589b5427\" data-e-action-hash=\"#elementor-action%3Aaction%3Dlightbox%26settings%3DeyJpZCI6MjEsInVybCI6Imh0dHA6XC9cL3d3dy5jczMta2Fzc2UuZGVcL2NzMy1yZXRhaWxcL3dwLWNvbnRlbnRcL3VwbG9hZHNcL3NpdGVzXC80XC8yMDIzXC8xMVwvc3VwZXJtYXJrdDAxLmpwZWciLCJzbGlkZXNob3ciOiI1ODliNTQyNyJ9\" href='http:\/\/www.cs3-kasse.de\/cs3-retail\/wp-content\/uploads\/sites\/4\/2023\/11\/supermarkt01.jpeg'><img decoding=\"async\" width=\"150\" height=\"150\" src=\"http:\/\/www.cs3-kasse.de\/cs3-retail\/wp-content\/uploads\/sites\/4\/2023\/11\/supermarkt01-150x150.jpeg\" class=\"attachment-thumbnail size-thumbnail\" alt=\"\" \/><\/a>\n\t\t\t<\/div><\/figure><figure class='gallery-item'>\n\t\t\t<div class='gallery-icon portrait'>\n\t\t\t\t<a data-elementor-open-lightbox=\"yes\" data-elementor-lightbox-slideshow=\"589b5427\" data-e-action-hash=\"#elementor-action%3Aaction%3Dlightbox%26settings%3DeyJpZCI6MTk0LCJ1cmwiOiJodHRwOlwvXC93d3cuY3MzLWthc3NlLmRlXC9jczMtcmV0YWlsXC93cC1jb250ZW50XC91cGxvYWRzXC9zaXRlc1wvNFwvMjAyM1wvMTFcL3Byb2R1a3RlX3NlcnZpY2VfMjA1eDI5NS5wbmciLCJzbGlkZXNob3ciOiI1ODliNTQyNyJ9\" href='http:\/\/www.cs3-kasse.de\/cs3-retail\/wp-content\/uploads\/sites\/4\/2023\/11\/produkte_service_205x295.png'><img decoding=\"async\" width=\"150\" height=\"150\" src=\"http:\/\/www.cs3-kasse.de\/cs3-retail\/wp-content\/uploads\/sites\/4\/2023\/11\/produkte_service_205x295-150x150.png\" class=\"attachment-thumbnail size-thumbnail\" alt=\"\" \/><\/a>\n\t\t\t<\/div><\/figure>\n\t\t<\/div>\n\t\t<\/div>\n\t\t\t\t\t\t<\/div>\n\t\t\t\t<\/div>\n\t\t\t\t<\/div>\n\t\t\t\t\t<\/div>\n\t\t\t\t<\/div>\n\t\t<div class=\"elementor-element elementor-element-3d128b79 e-flex e-con-boxed e-con e-parent\" data-id=\"3d128b79\" data-element_type=\"container\" data-settings=\"{&quot;background_background&quot;:&quot;classic&quot;}\">\n\t\t\t\t\t<div class=\"e-con-inner\">\n\t\t<div class=\"elementor-element elementor-element-6855c651 e-con-full e-flex e-con e-child\" data-id=\"6855c651\" data-element_type=\"container\" data-settings=\"{&quot;background_background&quot;:&quot;classic&quot;}\">\n\t\t\t\t<div class=\"elementor-element elementor-element-15dfa595 elementor-widget elementor-widget-heading\" data-id=\"15dfa595\" data-element_type=\"widget\" data-widget_type=\"heading.default\">\n\t\t\t\t<div class=\"elementor-widget-container\">\n\t\t\t\t\t<h2 class=\"elementor-heading-title elementor-size-default\">Downloads<\/h2>\t\t\t\t<\/div>\n\t\t\t\t<\/div>\n\t\t<div class=\"elementor-element elementor-element-3e106f0a e-flex e-con-boxed e-con e-child\" data-id=\"3e106f0a\" data-element_type=\"container\">\n\t\t\t\t\t<div class=\"e-con-inner\">\n\t\t\t\t<div class=\"elementor-element elementor-element-608a4e51 elementor-widget elementor-widget-image\" data-id=\"608a4e51\" data-element_type=\"widget\" data-widget_type=\"image.default\">\n\t\t\t\t<div class=\"elementor-widget-container\">\n\t\t\t\t\t\t\t\t\t\t\t\t<figure class=\"wp-caption\">\n\t\t\t\t\t\t\t\t\t\t\t<a href=\"http:\/\/www.cs3-kasse.de\/cs3-retail\/wp-content\/uploads\/2023\/11\/download_produktblatt_spacepole_touch.pdf\" target=\"_blank\">\n\t\t\t\t\t\t\t<img loading=\"lazy\" decoding=\"async\" width=\"122\" height=\"172\" src=\"http:\/\/www.cs3-kasse.de\/cs3-retail\/wp-content\/uploads\/sites\/4\/2023\/11\/download_produktblatt_spacepole_touch.png\" class=\"attachment-full size-full wp-image-944\" alt=\"\" \/>\t\t\t\t\t\t\t\t<\/a>\n\t\t\t\t\t\t\t\t\t\t\t<figcaption class=\"widget-image-caption wp-caption-text\">CS-3 SpacePole<br>SPT Kassensystem<br>Datenblatt<\/figcaption>\n\t\t\t\t\t\t\t\t\t\t<\/figure>\n\t\t\t\t\t\t\t\t\t<\/div>\n\t\t\t\t<\/div>\n\t\t\t\t\t<\/div>\n\t\t\t\t<\/div>\n\t\t\t\t<\/div>\n\t\t\t\t\t<\/div>\n\t\t\t\t<\/div>\n\t\t\t\t<\/div>\n\t\t","protected":false},"excerpt":{"rendered":"<p>CS-3Kassensystem mit METTLER TOLEDO Waage VCO-Display Mit \u00fcberragender Geschwindigkeit wiegt die integrierte CheckOut-Waage Waren bis 15kg und \u00fcbergibt das Gewicht und den Gesamtpreis automatisch an das CS-3 Kassensystem. Das Ergebnis:Verz\u00f6gerungsfreies Wiegen von Obst, Gem\u00fcse und\u00a0 anderen Wiegeartikeln direkt in der Kassenzone. Das Softwaremodul VCODisp (Virtuelles Checkout Display) ist ideal f\u00fcr Kassenpl\u00e4tze, wo Platz knapp und&#8230;<\/p>\n","protected":false},"author":1,"featured_media":0,"parent":0,"menu_order":0,"comment_status":"closed","ping_status":"closed","template":"elementor_theme","meta":{"_kad_post_transparent":"","_kad_post_title":"hide","_kad_post_layout":"fullwidth","_kad_post_sidebar_id":"","_kad_post_content_style":"unboxed","_kad_post_vertical_padding":"hide","_kad_post_feature":"hide","_kad_post_feature_position":"","_kad_post_header":false,"_kad_post_footer":false,"footnotes":""},"class_list":["post-1239","page","type-page","status-publish","hentry"],"_links":{"self":[{"href":"http:\/\/www.cs3-kasse.de\/cs3-retail\/wp-json\/wp\/v2\/pages\/1239","targetHints":{"allow":["GET"]}}],"collection":[{"href":"http:\/\/www.cs3-kasse.de\/cs3-retail\/wp-json\/wp\/v2\/pages"}],"about":[{"href":"http:\/\/www.cs3-kasse.de\/cs3-retail\/wp-json\/wp\/v2\/types\/page"}],"author":[{"embeddable":true,"href":"http:\/\/www.cs3-kasse.de\/cs3-retail\/wp-json\/wp\/v2\/users\/1"}],"replies":[{"embeddable":true,"href":"http:\/\/www.cs3-kasse.de\/cs3-retail\/wp-json\/wp\/v2\/comments?post=1239"}],"version-history":[{"count":29,"href":"http:\/\/www.cs3-kasse.de\/cs3-retail\/wp-json\/wp\/v2\/pages\/1239\/revisions"}],"predecessor-version":[{"id":1293,"href":"http:\/\/www.cs3-kasse.de\/cs3-retail\/wp-json\/wp\/v2\/pages\/1239\/revisions\/1293"}],"wp:attachment":[{"href":"http:\/\/www.cs3-kasse.de\/cs3-retail\/wp-json\/wp\/v2\/media?parent=1239"}],"curies":[{"name":"wp","href":"https:\/\/api.w.org\/{rel}","templated":true}]}}